


{"id":432,"date":"2016-09-01T12:31:23","date_gmt":"2016-09-01T10:31:23","guid":{"rendered":"http:\/\/polosud.com\/2016\/?post_type=product&#038;p=432"},"modified":"2016-09-01T12:31:23","modified_gmt":"2016-09-01T10:31:23","slug":"no-more-rainy-days","status":"publish","type":"product","link":"https:\/\/polosud.com\/2016\/catalogue\/no-more-rainy-days\/","title":{"rendered":"No more rainy days"},"content":{"rendered":"<p>Omaggio a Paolo Di Sarcina<\/p>\n<p>NO MORE RAINY DAYS (Mai Pi\u00f9 Giorni di Pioggia) \u00e8 un\u2019antologia che raccoglie 20 brani composti da Paolo Di Sarcina, autore, compositore, musicista napoletano, morto di leucemia il 5 aprile 2004, all\u2019et\u00e0 di 47 anni.<br \/>\nI brani sono eseguiti da vari artisti solisti, band ed ensemble napoletani che hanno scelto alcuni tra i numerosi pezzi composti dall\u2019artista nell\u2019arco di quasi trent\u2019anni \u2013 tra il 1975 ed il 2003 \u2013 rielaborandoli liberamente secondo il proprio stile e la propria attuale visione artistica e, in alcuni casi, addirittura stravolgendoli rispetto alla versione originale per restituirli in una lettura delicata o audace, ma in ogni caso personale e sempre attenta.<br \/>\nHanno contribuito al progetto: Daniele Sepe, Marco Zurzolo, Luca Toller, Mariapia De Vito, Osanna, 666 &#038; Capone, Walhalla, Marco Francini, Lega Leggera, Brunella Selo, Blue Stuff, Enzo Nini Rubber Band, Antonello Paliotti, Galo Cadena, Andreasbanda, I Sottomarini, Compagnia Musicale, Marco Gesualdi, Chattanooga, Queeny, generosamente affiancati da circa cento musicisti.<br \/>\nIl risultato finale \u00e8 un album di 80 minuti, ricco di contenuti, riletture d\u2019autore, stili e riferimenti musicali: nella sua apparente eterogeneit\u00e0 di componenti, il disco traccia un percorso guidato nella storia della musica e dei musicisti di Napoli, dall\u2019epoca della Vesu-Wave ad oggi.<\/p>\n<p>Musicista poliedrico, nato dal rock, ma poi sedotto dalla musica colta, autore di colonne sonore, canzoni, commedie musicali (in Italia e Francia) seppur non assetato di notoriet\u00e0, Paolo Di Sarcina \u00e8 stato conosciuto, stimato ed amato da pubblico e addetti ai lavori, sia per le sue doti artistiche ed intellettuali che, ed \u00e8 ci\u00f2 che pi\u00f9 conta, per le sue qualit\u00e0 umane.<\/p>\n<p>Di Sarcina era, come si usa dire, \u201cuna bella persona\u201d ed il suo impegno culturale, politico, civile ed umanitario \u2013 in particolare nell\u2019ambito del volontariato a favore dei disabili (UNITALSI e AIAS) \u2013 aveva sempre affiancato, sin dall\u2019adolescenza, il suo personale talento artistico.<br \/>\nQuale attivo sostenitore delle attivit\u00e0 dell\u2019A.D.M.O. (Associazione Donatori Midollo Osseo) e dell\u2019A.I.L. (Associazione Italiana contro le Leucemie), ben prima di ammalarsi, spesso aveva espresso la volont\u00e0 che ai suoi funerali fossero diffuse le coordinate di questi enti al fine di convertire in utili donazioni \u201c&#8230;quella barbara usanza di sprecare soldi e fiori&#8230;\u201d.<br \/>\nAbbiamo, quindi, ritenuto doveroso impegnarci, insieme ai suoi tanti amici e collaboratori, nella realizzazione di questo CD antologico \u2013 finalizzato alla divulgazione e al sostegno economico delle attivit\u00e0 dell\u2019A.I.L. \u2013 poich\u00e9 ci\u00f2 rispetta totalmente la personalit\u00e0 e i desideri di Paolo Di Sarcina.<\/p>\n<p>Un progetto lungo e ambizioso, di conseguenza, che dichiaratamente non \u00e8 n\u00e9 una sterile e lamentosa commemorazione del \u2018caro estinto, n\u00e9 una lucrosa operazione discografica postuma e nemmeno un modo per far \u2018fare bella figura alla citt\u00e0 di Napoli: stanchi di retorica e dietrologia che attanagliano il capoluogo partenopeo, cogliamo l\u2019opportunit\u00e0 di continuare a far vivere le composizioni di un artista gentile, mettendole al servizio di una giusta causa.<br \/>\nE questo \u00e8, per noi, il miglior modo di ricordare Paolo Di Sarcina.<\/p>\n<p>Claudia GUALDIERI<\/p>\n","protected":false},"excerpt":{"rendered":"<p>Omaggio a Paolo Di Sarcina NO MORE RAINY DAYS (Mai Pi\u00f9 Giorni di Pioggia) \u00e8 un\u2019antologia che raccoglie 20 brani composti da Paolo Di Sarcina, autore, compositore, musicista napoletano, morto di leucemia il 5 aprile 2004, all\u2019et\u00e0 di 47 anni. I brani sono eseguiti da vari artisti solisti, band ed ensemble napoletani che hanno scelto alcuni tra i numerosi pezzi composti dall\u2019artista nell\u2019arco di quasi trent\u2019anni \u2013 tra il 1975 ed il 2003 \u2013 rielaborandoli liberamente secondo il proprio stile [&hellip;]<\/p>\n","protected":false},"featured_media":171,"comment_status":"open","ping_status":"closed","template":"","meta":[],"product_cat":[15],"product_tag":[41],"acf":[],"_links":{"self":[{"href":"https:\/\/polosud.com\/2016\/wp-json\/wp\/v2\/product\/432"}],"collection":[{"href":"https:\/\/polosud.com\/2016\/wp-json\/wp\/v2\/product"}],"about":[{"href":"https:\/\/polosud.com\/2016\/wp-json\/wp\/v2\/types\/product"}],"replies":[{"embeddable":true,"href":"https:\/\/polosud.com\/2016\/wp-json\/wp\/v2\/comments?post=432"}],"wp:featuredmedia":[{"embeddable":true,"href":"https:\/\/polosud.com\/2016\/wp-json\/wp\/v2\/media\/171"}],"wp:attachment":[{"href":"https:\/\/polosud.com\/2016\/wp-json\/wp\/v2\/media?parent=432"}],"wp:term":[{"taxonomy":"product_cat","embeddable":true,"href":"https:\/\/polosud.com\/2016\/wp-json\/wp\/v2\/product_cat?post=432"},{"taxonomy":"product_tag","embeddable":true,"href":"https:\/\/polosud.com\/2016\/wp-json\/wp\/v2\/product_tag?post=432"}],"curies":[{"name":"wp","href":"https:\/\/api.w.org\/{rel}","templated":true}]}}