


{"id":484,"date":"2016-09-03T18:33:43","date_gmt":"2016-09-03T16:33:43","guid":{"rendered":"http:\/\/polosud.com\/2016\/?post_type=product&#038;p=484"},"modified":"2016-09-03T18:34:05","modified_gmt":"2016-09-03T16:34:05","slug":"i-colori-della-mia-vita","status":"publish","type":"product","link":"https:\/\/polosud.com\/2016\/catalogue\/i-colori-della-mia-vita\/","title":{"rendered":"I colori della mia vita"},"content":{"rendered":"<p>Produzione artistica: Rino Alfieri, Ettore Sciarra, Marco Zurzolo<br \/>\nLa Presentazione di Vincenzo Mollica:<br \/>\nHo sempre pensato che la voce di Angela Luce fosse un incantesimo, una magia che nasceva da quel mare che non bagna Napoli cos\u00ec ben narrato dalla Ortese.<br \/>\nL\u2019ho sempre seguita con ammirazione quando la sua arte, la sua vitalit\u00e0 si trasformavano in teatro, cinema, canzone. L\u2019ho sempre seguita perch\u00e9 \u00e9 unica, una vera icona di Napoli. Sentirla cantare regala emozioni allo stato puro, nella sua voce c\u2019\u00e9 tutta la storia e la geografia di una citt\u00e0 che respinge e unisce, con un cuore grande che abbraccia tutto il bene ed il male del nostro vivere in equilibrio tra sogni e incubi.<br \/>\nQuesto disco \u00e9 un gioiello, uno dei tanti che Angela Luce non ha mai smesso di regalarci con quel suo recitar-cantando che segna l\u2019anima.<br \/>\nE\u2019 un disco che si pu\u00f2 vivere con l\u2019intensit\u00e0 di una commedia, di un film, di un romanzo, di una poesia.<br \/>\nAngela Luce \u00e9 una ricamatrice di melodie, ha il piglio di una donna che non ha mai smesso di combattere, ha il dono di una femminilit\u00e0 che veste come una dea, sa ridere e piangere con naturale-antica eleganza. Fu lei a darsi come nome d\u2019arte Luce, che tanto piaceva ad Eduardo De Filippo, forse perch\u00e9 nasceva da una giovinezza impetuosa, da quell\u2019et\u00e0 in cui ancora tutto si pu\u00f2 immaginare, in cui tutto \u00e9 luce anche la notte che ci avvolge.<br \/>\nSono tanti camei le canzoni che Angela Luce canta in questo disco, sono tracce dell\u2019avventura umana che esplodono come fuochi d\u2019artificio.<br \/>\nLasciatevi incantare, abbandonatevi come naufraghi nel mare di queste melodie, una voce vi guider\u00e0 dove non siete mai stati, dove forse vivono ancora quelle sirene che incantarono Ulisse.<br \/>\nAngela Luce \u00e9 una regina, di fronte a lei m\u2019inchino per la sua voce limpida e senza et\u00e0, grato per quella geniale Bammenella \u2018e coppo \u2018e quartiere che non mi ha mai abbandonato.<br \/>\nHanno suonato:<br \/>\nBatteria e Percussioni: Vittorio Riva, Alfonso Pone &#8211; Basso: Vittorio Pepe, Pasquale De Angelis &#8211; Piano, e Tastiere: Rino Alfieri, Pino Tafuto &#8211; Mandolini: Salvatore Esposito &#8211; Trombe: Enzo Stellato &#8211; Tromboni: Roberto Schiano &#8211; Flauti e ottavino: Alessandra Sigillo &#8211; Sax: Marco Zurzolo &#8211; Chitarre: Maurizio Pica, Ettore Sciarra, Michele Montefusco &#8211; Chitarra portoghese , Oud, flauti e percussioni: Gino Evangelista &#8211; Fisarmonica: Luca Urciuolo, Vincenzo Zenobio &#8211; Corni: Maurizio Maiorino &#8211; Tammorra e percussioni: Emidio Ausiello &#8211; Buzuki: Franco Ponzo &#8211; Clarinetto: Luciano Russo<\/p>\n<p>Qualche notizia Tecnica<br \/>\nStudio: Il Parco &#8211; Napoli<br \/>\nSound engineer: Ninni Pascale assistito da Federico Federici<br \/>\nIl lavoro \u00e8 stato registrato in digitale su Protools<\/p>\n","protected":false},"excerpt":{"rendered":"<p>Produzione artistica: Rino Alfieri, Ettore Sciarra, Marco Zurzolo La Presentazione di Vincenzo Mollica: Ho sempre pensato che la voce di Angela Luce fosse un incantesimo, una magia che nasceva da quel mare che non bagna Napoli cos\u00ec ben narrato dalla Ortese. L\u2019ho sempre seguita con ammirazione quando la sua arte, la sua vitalit\u00e0 si trasformavano in teatro, cinema, canzone. L\u2019ho sempre seguita perch\u00e9 \u00e9 unica, una vera icona di Napoli. Sentirla cantare regala emozioni allo stato puro, nella sua voce [&hellip;]<\/p>\n","protected":false},"featured_media":163,"comment_status":"open","ping_status":"closed","template":"","meta":[],"product_cat":[9],"product_tag":[53],"acf":[],"_links":{"self":[{"href":"https:\/\/polosud.com\/2016\/wp-json\/wp\/v2\/product\/484"}],"collection":[{"href":"https:\/\/polosud.com\/2016\/wp-json\/wp\/v2\/product"}],"about":[{"href":"https:\/\/polosud.com\/2016\/wp-json\/wp\/v2\/types\/product"}],"replies":[{"embeddable":true,"href":"https:\/\/polosud.com\/2016\/wp-json\/wp\/v2\/comments?post=484"}],"wp:featuredmedia":[{"embeddable":true,"href":"https:\/\/polosud.com\/2016\/wp-json\/wp\/v2\/media\/163"}],"wp:attachment":[{"href":"https:\/\/polosud.com\/2016\/wp-json\/wp\/v2\/media?parent=484"}],"wp:term":[{"taxonomy":"product_cat","embeddable":true,"href":"https:\/\/polosud.com\/2016\/wp-json\/wp\/v2\/product_cat?post=484"},{"taxonomy":"product_tag","embeddable":true,"href":"https:\/\/polosud.com\/2016\/wp-json\/wp\/v2\/product_tag?post=484"}],"curies":[{"name":"wp","href":"https:\/\/api.w.org\/{rel}","templated":true}]}}